{"id":120,"date":"2017-04-13T19:10:20","date_gmt":"2017-04-13T19:10:20","guid":{"rendered":"http:\/\/nexionscorp.com\/?page_id=120"},"modified":"2017-04-13T19:12:41","modified_gmt":"2017-04-13T19:12:41","slug":"portugues","status":"publish","type":"page","link":"https:\/\/nexionscorp.com\/?page_id=120","title":{"rendered":"Portugues"},"content":{"rendered":"<div id=\"pl-120\"  class=\"panel-layout\" ><div id=\"pg-120-0\"  class=\"panel-grid panel-no-style\" ><div id=\"pgc-120-0-0\"  class=\"panel-grid-cell\" ><div id=\"panel-120-0-0-0\" class=\"so-panel widget widget_sow-editor panel-first-child panel-last-child\" data-index=\"0\" ><div\n\t\t\t\n\t\t\tclass=\"so-widget-sow-editor so-widget-sow-editor-base\"\n\t\t\t\n\t\t>\n<div class=\"siteorigin-widget-tinymce textwidget\">\n\t<div id=\"pagecols\">\n<div id=\"column1\">\n<div id=\"colbody1\" class=\"colbody\">\n<div id=\"pgbldblk16\" class=\"building_block\">\n<div id=\"body_pgbldblk16\" class=\"blockbody\">\n<table border=\"0\" width=\"100%\" cellspacing=\"0\" cellpadding=\"5\">\n<tbody>\n<tr align=\"\" valign=\"\">\n<td colspan=\"1\" rowspan=\"1\" align=\"\" valign=\"top\" width=\"100%\">\n<div align=\"center\"><strong><span style=\"font-family: arial, verdana, sans-serif; font-size: large;\">A Empresa<\/span><\/strong><\/div>\n<\/td>\n<\/tr>\n<\/tbody>\n<\/table>\n<\/div>\n<\/div>\n<div id=\"pgbldblk21\" class=\"building_block\">\n<div id=\"body_pgbldblk21\" class=\"blockbody\">\n<table border=\"0\" width=\"100%\" cellspacing=\"0\" cellpadding=\"5\">\n<tbody>\n<tr align=\"\" valign=\"\">\n<td colspan=\"1\" rowspan=\"1\" align=\"\" valign=\"top\" width=\"100%\"><span lang=\"ES\"><span style=\"font-size: medium;\"><span style=\"font-family: Arial;\">A Nexions foi originalmente fundada em 1990 para oferecer servi\u00e7os para clientes no campo mar\u00edtimo.&nbsp; Ao se&nbsp;especializar na procura de produtos utilizados a bordo e no p\u00f4rto, a Nexions cresceu e&nbsp;os clientes passaram a nos considerar&nbsp;como um fornecedor&nbsp;consistente e responsavel.&nbsp; Nosso compromisso em oferecer excelente&nbsp;servi\u00e7o para o cliente, e a aten\u00e7\u00e3o ao detalhe, tem permitido a Nexions em expandir&nbsp;seus horizontes, oferecendo servi\u00e7os para uma variedade de com\u00e9rcios.&nbsp; Da casa do piloto ao porto, ou do topo da guindaste&nbsp;a \u00e1rea de constru\u00e7\u00e3o, a Nexions \u00e9 um parceiro respons\u00e1vel para seus clientes.&nbsp; Nos entendemos a importancia de&nbsp;promessas mantidas... e trabalhamos cada dia para manter este objetivo.<br \/><\/span><\/span><\/span><\/td>\n<\/tr>\n<\/tbody>\n<\/table>\n<\/div>\n<\/div>\n<div id=\"pgbldblk5\" class=\"building_block\">\n<div id=\"body_pgbldblk5\" class=\"blockbody\">\n<table border=\"0\" width=\"100%\" cellspacing=\"0\" cellpadding=\"5\">\n<tbody>\n<tr align=\"\" valign=\"\">\n<td colspan=\"1\" rowspan=\"1\" align=\"center\" valign=\"top\" width=\"100%\">\n<table border=\"0\" summary=\"image table\" width=\"75\" cellspacing=\"0\" cellpadding=\"0\">\n<tbody>\n<tr>\n<td align=\"center\" valign=\"top\">\n<table border=\"0\" width=\"100%\" cellspacing=\"0\" cellpadding=\"0\">\n<tbody>\n<tr>\n<td align=\"center\"><a href=\"http:\/\/nexionscorp.com\/?page_id=16\"><img loading=\"lazy\" decoding=\"async\" src=\"http:\/\/www.nexionscorp.com\/images\/50_Flag_American.jpg\" alt=\"\" width=\"50\" height=\"26\" border=\"0\"\/><\/a><\/td>\n<\/tr>\n<tr>\n<td align=\"center\">English<\/td>\n<\/tr>\n<\/tbody>\n<\/table>\n<\/td>\n<\/tr>\n<\/tbody>\n<\/table>\n<\/td>\n<\/tr>\n<\/tbody>\n<\/table>\n<\/div>\n<\/div>\n<\/div>\n<\/div>\n<div id=\"column2\">&nbsp;<\/div>\n<div id=\"column3\">&nbsp;<\/div>\n<\/div>\n<div id=\"measurescroll\">&nbsp;<\/div>\n<table id=\"other_footer\" border=\"0\" width=\"100%\" cellspacing=\"0\" cellpadding=\"0\">\n<tbody>\n<tr>\n<td align=\"left\" valign=\"middle\">\n<div align=\"center\"><b><span style=\"font-family: arial, verdana, sans-serif; font-size: medium;\">For all sales and general inquiries please call Nexions Corp.<br \/>p. 305-234-6042 or e-mail us at <\/span><\/b><a href=\"mailto:info@nexionscorp.com\"><b><span style=\"font-family: arial, verdana, sans-serif; font-size: medium;\">info@nexionscorp.com<\/span><\/b><\/a><\/div>\n<\/td>\n<\/tr>\n<tr>\n<td align=\"left\" valign=\"middle\">&nbsp;<\/td>\n<\/tr>\n<\/tbody>\n<\/table>\n<\/div>\n<\/div><\/div><\/div><\/div><\/div>","protected":false},"excerpt":{"rendered":"<p>A EmpresaA Nexions foi originalmente fundada em 1990 para oferecer servi\u00e7os para clientes no campo mar\u00edtimo.&nbsp; Ao se&nbsp;especializar na procura de produtos utilizados a bordo e no p\u00f4rto, a Nexions cresceu e&nbsp;os clientes passaram a nos considerar&nbsp;como um fornecedor&nbsp;consistente e &hellip; <a href=\"https:\/\/nexionscorp.com\/?page_id=120\">Continued<\/a><\/p>\n","protected":false},"author":1,"featured_media":0,"parent":0,"menu_order":0,"comment_status":"closed","ping_status":"closed","template":"page-feature.php","meta":{"footnotes":""},"class_list":["post-120","page","type-page","status-publish","hentry"],"_links":{"self":[{"href":"https:\/\/nexionscorp.com\/index.php?rest_route=\/wp\/v2\/pages\/120","targetHints":{"allow":["GET"]}}],"collection":[{"href":"https:\/\/nexionscorp.com\/index.php?rest_route=\/wp\/v2\/pages"}],"about":[{"href":"https:\/\/nexionscorp.com\/index.php?rest_route=\/wp\/v2\/types\/page"}],"author":[{"embeddable":true,"href":"https:\/\/nexionscorp.com\/index.php?rest_route=\/wp\/v2\/users\/1"}],"replies":[{"embeddable":true,"href":"https:\/\/nexionscorp.com\/index.php?rest_route=%2Fwp%2Fv2%2Fcomments&post=120"}],"version-history":[{"count":3,"href":"https:\/\/nexionscorp.com\/index.php?rest_route=\/wp\/v2\/pages\/120\/revisions"}],"predecessor-version":[{"id":124,"href":"https:\/\/nexionscorp.com\/index.php?rest_route=\/wp\/v2\/pages\/120\/revisions\/124"}],"wp:attachment":[{"href":"https:\/\/nexionscorp.com\/index.php?rest_route=%2Fwp%2Fv2%2Fmedia&parent=120"}],"curies":[{"name":"wp","href":"https:\/\/api.w.org\/{rel}","templated":true}]}}