{"id":158,"date":"2017-04-13T20:24:32","date_gmt":"2017-04-13T20:24:32","guid":{"rendered":"http:\/\/nexionscorp.com\/?page_id=158"},"modified":"2017-04-13T20:25:16","modified_gmt":"2017-04-13T20:25:16","slug":"portugues3","status":"publish","type":"page","link":"https:\/\/nexionscorp.com\/?page_id=158","title":{"rendered":"Portugues3"},"content":{"rendered":"<div id=\"pl-158\"  class=\"panel-layout\" ><div id=\"pg-158-0\"  class=\"panel-grid panel-no-style\" ><div id=\"pgc-158-0-0\"  class=\"panel-grid-cell\" ><div id=\"panel-158-0-0-0\" class=\"so-panel widget widget_sow-editor panel-first-child\" data-index=\"0\" ><div class=\"panel-widget-style panel-widget-style-for-158-0-0-0\" ><div\n\t\t\t\n\t\t\tclass=\"so-widget-sow-editor so-widget-sow-editor-base\"\n\t\t\t\n\t\t>\n<div class=\"siteorigin-widget-tinymce textwidget\">\n\t<table width=\"100%\">\n<tbody>\n<tr>\n<td colspan=\"1\" rowspan=\"1\" width=\"100%\">\n<h3 style=\"text-align: center;\"><strong>Setor Petroqu\u00edmico<\/strong><\/h3>\n<\/td>\n<\/tr>\n<\/tbody>\n<\/table>\n<table width=\"100%\">\n<tbody>\n<tr>\n<td colspan=\"1\" rowspan=\"1\" width=\"100%\">\n<p>A Nexions&nbsp;fornece produtos de qualidade especificamente para utiliza\u00e7\u00e3o na ind\u00fastria de perfura\u00e7\u00e3o e offshore.&nbsp; Nao existem passos faceis quando se trata de seguran\u00e7a e produtividade: a&nbsp;Nexions tem anos de experi\u00eancia com explosivos dando&nbsp;apoio a&nbsp;ind\u00fastrias preocupadas com a seguran\u00e7a,&nbsp; cobrindo pe\u00e7as para maquinaria, diversos produtos para seguran\u00e7a, ferramentas especiais, e solu\u00e7\u00f5es de comunica\u00e7\u00f5es.&nbsp; Na Nexions, nos&nbsp;procuramos&nbsp;o que o cliente necessita, e&nbsp;n\u00e3o simplesmente procuramos&nbsp;vender aquilo que temos.&nbsp;&nbsp;Para um servi\u00e7o profissional e r\u00e1pido, e precos competitivos, envie um email agora para&nbsp;<a href=\"mailto:info@nexionscorp.com\">info@nexionscorp.com<\/a>.<\/p>\n<\/td>\n<\/tr>\n<\/tbody>\n<\/table>\n<\/div>\n<\/div><\/div><\/div><div id=\"panel-158-0-0-1\" class=\"so-panel widget widget_sow-editor\" data-index=\"1\" ><div class=\"panel-widget-style panel-widget-style-for-158-0-0-1\" ><div\n\t\t\t\n\t\t\tclass=\"so-widget-sow-editor so-widget-sow-editor-base\"\n\t\t\t\n\t\t>\n<div class=\"siteorigin-widget-tinymce textwidget\">\n\t<figure id=\"attachment_145\" class=\"thumbnail wp-caption aligncenter\" style=\"width: 100px\"><a href=\"http:\/\/nexionscorp.com\/?page_id=37\"><img loading=\"lazy\" decoding=\"async\" class=\" wp-image-145\" src=\"http:\/\/nexionscorp.com\/wp-content\/uploads\/2017\/04\/americanflag.png\" alt=\"\" width=\"100\" height=\"59\"\/><\/a><figcaption class=\"caption wp-caption-text\">&nbsp; &nbsp; &nbsp; English<\/figcaption><\/figure>\n<\/div>\n<\/div><\/div><\/div><div id=\"panel-158-0-0-2\" class=\"so-panel widget widget_sow-editor panel-last-child\" data-index=\"2\" ><div class=\"panel-widget-style panel-widget-style-for-158-0-0-2\" ><div\n\t\t\t\n\t\t\tclass=\"so-widget-sow-editor so-widget-sow-editor-base\"\n\t\t\t\n\t\t>\n<div class=\"siteorigin-widget-tinymce textwidget\">\n\t<div align=\"center\"><b><span style=\"font-family: arial, verdana, sans-serif; font-size: medium;\">For all sales and general inquiries please call Nexions Corp.<br \/>p. 305-234-6042 or e-mail us at <\/span><\/b><a href=\"mailto:info@nexionscorp.com\"><b><span style=\"font-family: arial, verdana, sans-serif; font-size: medium;\">info@nexionscorp.com<\/span><\/b><\/a><\/div>\n<p>&nbsp;<\/p>\n<\/div>\n<\/div><\/div><\/div><\/div><\/div><\/div>","protected":false},"excerpt":{"rendered":"<p>Setor Petroqu\u00edmicoA Nexions&nbsp;fornece produtos de qualidade especificamente para utiliza\u00e7\u00e3o na ind\u00fastria de perfura\u00e7\u00e3o e offshore.&nbsp; Nao existem passos faceis quando se trata de seguran\u00e7a e produtividade: a&nbsp;Nexions tem anos de experi\u00eancia com explosivos dando&nbsp;apoio a&nbsp;ind\u00fastrias preocupadas com a seguran\u00e7a,&nbsp; cobrindo &hellip; <a href=\"https:\/\/nexionscorp.com\/?page_id=158\">Continued<\/a><\/p>\n","protected":false},"author":1,"featured_media":0,"parent":0,"menu_order":0,"comment_status":"closed","ping_status":"closed","template":"page-feature.php","meta":{"footnotes":""},"class_list":["post-158","page","type-page","status-publish","hentry"],"_links":{"self":[{"href":"https:\/\/nexionscorp.com\/index.php?rest_route=\/wp\/v2\/pages\/158","targetHints":{"allow":["GET"]}}],"collection":[{"href":"https:\/\/nexionscorp.com\/index.php?rest_route=\/wp\/v2\/pages"}],"about":[{"href":"https:\/\/nexionscorp.com\/index.php?rest_route=\/wp\/v2\/types\/page"}],"author":[{"embeddable":true,"href":"https:\/\/nexionscorp.com\/index.php?rest_route=\/wp\/v2\/users\/1"}],"replies":[{"embeddable":true,"href":"https:\/\/nexionscorp.com\/index.php?rest_route=%2Fwp%2Fv2%2Fcomments&post=158"}],"version-history":[{"count":3,"href":"https:\/\/nexionscorp.com\/index.php?rest_route=\/wp\/v2\/pages\/158\/revisions"}],"predecessor-version":[{"id":161,"href":"https:\/\/nexionscorp.com\/index.php?rest_route=\/wp\/v2\/pages\/158\/revisions\/161"}],"wp:attachment":[{"href":"https:\/\/nexionscorp.com\/index.php?rest_route=%2Fwp%2Fv2%2Fmedia&parent=158"}],"curies":[{"name":"wp","href":"https:\/\/api.w.org\/{rel}","templated":true}]}}