{"id":306,"date":"2017-04-14T19:31:28","date_gmt":"2017-04-14T19:31:28","guid":{"rendered":"http:\/\/nexionscorp.com\/?page_id=306"},"modified":"2017-04-14T19:32:22","modified_gmt":"2017-04-14T19:32:22","slug":"portugues8-2","status":"publish","type":"page","link":"https:\/\/nexionscorp.com\/?page_id=306","title":{"rendered":"Portugues9"},"content":{"rendered":"<div id=\"pl-306\"  class=\"panel-layout\" ><div id=\"pg-306-0\"  class=\"panel-grid panel-no-style\" ><div id=\"pgc-306-0-0\"  class=\"panel-grid-cell\" ><div id=\"panel-306-0-0-0\" class=\"so-panel widget widget_sow-editor panel-first-child panel-last-child\" data-index=\"0\" ><div\n\t\t\t\n\t\t\tclass=\"so-widget-sow-editor so-widget-sow-editor-base\"\n\t\t\t\n\t\t>\n<div class=\"siteorigin-widget-tinymce textwidget\">\n\t<p>&nbsp;<\/p>\n<p>&nbsp;<\/p>\n<p>&nbsp;<\/p>\n<h3 style=\"text-align: center;\"><strong>Maquinaria e Pe\u00e7as<\/strong><\/h3>\n<p>&nbsp;<\/p>\n<p>Maquinaria e Pe\u00e7as s\u00e3o disponiveis para a linhas de quase todos os fabricantes of produtos utilizados comercialmente. Na Nexions, nosso cadasto de fornecedores tem condi\u00e7\u00f5es de providenciar pe\u00e7as de reparo para equipamentos industriais at\u00e9 equipmentos leves. Se trata de uma peca para uma m\u00e1quina de gelo ou um tubo dif\u00edcil de encontrar, Nexions \u00e9 seu fonte. A seguir pode ver algums dos produtos que temos nesta \u00e1rea. So voc\u00ea precisa algum produto que n\u00e3o consta, favor ligar ou enviar um email para <a href=\"mailto:info@nexionscorp.com\">info@nexionscorp.com<\/a>. Responderemos rapidamente com uma cota\u00e7\u00e3o competitiva com entrega r\u00e1pida.<\/p>\n<p>&nbsp;<\/p>\n<figure id=\"attachment_145\" class=\"thumbnail wp-caption aligncenter\" style=\"width: 51px\"><a href=\"http:\/\/nexionscorp.com\/?page_id=49\"><img loading=\"lazy\" decoding=\"async\" class=\" wp-image-145\" src=\"http:\/\/nexionscorp.com\/wp-content\/uploads\/2017\/04\/americanflag.png\" alt=\"\" width=\"51\" height=\"30\"\/><\/a><figcaption class=\"caption wp-caption-text\">English<\/figcaption><\/figure>\n<p style=\"text-align: center;\">&nbsp;<\/p>\n<p style=\"text-align: center;\"><strong>For all sales and general inquiries please call Nexions Corp.<br \/>p. 305-234-6042 or e-mail us at <\/strong><a href=\"mailto:info@nexionscorp.com\"><strong>info@nexionscorp.com<\/strong><\/a><\/p>\n<\/div>\n<\/div><\/div><\/div><\/div><\/div>","protected":false},"excerpt":{"rendered":"<p>&nbsp;&nbsp;&nbsp;Maquinaria e Pe\u00e7as&nbsp;Maquinaria e Pe\u00e7as s\u00e3o disponiveis para a linhas de quase todos os fabricantes of produtos utilizados comercialmente. Na Nexions, nosso cadasto de fornecedores tem condi\u00e7\u00f5es de providenciar pe\u00e7as de reparo para equipamentos industriais at\u00e9 equipmentos leves. Se trata &hellip; <a href=\"https:\/\/nexionscorp.com\/?page_id=306\">Continued<\/a><\/p>\n","protected":false},"author":1,"featured_media":0,"parent":0,"menu_order":0,"comment_status":"closed","ping_status":"closed","template":"page-portfolio.php","meta":{"footnotes":""},"class_list":["post-306","page","type-page","status-publish","hentry"],"_links":{"self":[{"href":"https:\/\/nexionscorp.com\/index.php?rest_route=\/wp\/v2\/pages\/306","targetHints":{"allow":["GET"]}}],"collection":[{"href":"https:\/\/nexionscorp.com\/index.php?rest_route=\/wp\/v2\/pages"}],"about":[{"href":"https:\/\/nexionscorp.com\/index.php?rest_route=\/wp\/v2\/types\/page"}],"author":[{"embeddable":true,"href":"https:\/\/nexionscorp.com\/index.php?rest_route=\/wp\/v2\/users\/1"}],"replies":[{"embeddable":true,"href":"https:\/\/nexionscorp.com\/index.php?rest_route=%2Fwp%2Fv2%2Fcomments&post=306"}],"version-history":[{"count":2,"href":"https:\/\/nexionscorp.com\/index.php?rest_route=\/wp\/v2\/pages\/306\/revisions"}],"predecessor-version":[{"id":308,"href":"https:\/\/nexionscorp.com\/index.php?rest_route=\/wp\/v2\/pages\/306\/revisions\/308"}],"wp:attachment":[{"href":"https:\/\/nexionscorp.com\/index.php?rest_route=%2Fwp%2Fv2%2Fmedia&parent=306"}],"curies":[{"name":"wp","href":"https:\/\/api.w.org\/{rel}","templated":true}]}}