{"id":349,"date":"2017-04-17T20:32:12","date_gmt":"2017-04-17T20:32:12","guid":{"rendered":"http:\/\/nexionscorp.com\/?page_id=349"},"modified":"2017-04-17T20:32:12","modified_gmt":"2017-04-17T20:32:12","slug":"portugues11","status":"publish","type":"page","link":"https:\/\/nexionscorp.com\/?page_id=349","title":{"rendered":"Portugues11"},"content":{"rendered":"<div id=\"pl-349\"  class=\"panel-layout\" ><div id=\"pg-349-0\"  class=\"panel-grid panel-no-style\" ><div id=\"pgc-349-0-0\"  class=\"panel-grid-cell\" ><div id=\"panel-349-0-0-0\" class=\"so-panel widget widget_sow-editor panel-first-child panel-last-child\" data-index=\"0\" ><div\n\t\t\t\n\t\t\tclass=\"so-widget-sow-editor so-widget-sow-editor-base\"\n\t\t\t\n\t\t>\n<div class=\"siteorigin-widget-tinymce textwidget\">\n\t<p>&nbsp;<\/p>\n<table width=\"100%\">\n<tbody>\n<tr>\n<td colspan=\"1\" rowspan=\"1\" width=\"100%\">\n<h3 style=\"text-align: center;\"><strong>Servi\u00e7os<\/strong><\/h3>\n<\/td>\n<\/tr>\n<\/tbody>\n<\/table>\n<table width=\"100%\">\n<tbody>\n<tr>\n<td colspan=\"1\" rowspan=\"1\" width=\"100%\">\n<p>Al\u00eam de oferecer uma variedade de produtos, a Nexions tamb\u00eam oferece servi\u00e7os para nossos clientes.&nbsp; Assessoramos os nossos clientes nas complexidades da legisla\u00e7\u00e3o que regula importa\u00e7\u00e3o e exporta\u00e7\u00e3o que poderia afetar a suas transa\u00e7\u00f5es.&nbsp; Adicionalmente temos um alto n\u00edvel de conhecimento na \u00e1rea de produtos pirot\u00e9cnicos.<\/p>\n<p>Se voc\u00ea tiver quaisquer perguntas sobre servi\u00e7os de empacotamento e transporte, favor ligar e enviar um email para <a href=\"mailto:info@nexionscorp.com\">info@nexionscorp.com<\/a>.&nbsp;&nbsp; Responderemos o mais r\u00e1pido possivel.<\/p>\n<\/td>\n<\/tr>\n<\/tbody>\n<\/table>\n<figure id=\"attachment_145\" class=\"thumbnail wp-caption aligncenter\" style=\"width: 49px\"><a href=\"http:\/\/nexionscorp.com\/?page_id=29\"><img loading=\"lazy\" decoding=\"async\" class=\" wp-image-145\" src=\"http:\/\/nexionscorp.com\/wp-content\/uploads\/2017\/04\/americanflag.png\" alt=\"\" width=\"49\" height=\"29\"\/><\/a><figcaption class=\"caption wp-caption-text\">English<\/figcaption><\/figure>\n<p>&nbsp;<\/p>\n<table width=\"100%\">\n<tbody>\n<tr>\n<td>\n<p style=\"text-align: center;\"><strong>For all sales and general inquiries please call Nexions Corp.<br \/>p. 305-234-6042 or e-mail us at <\/strong><a href=\"mailto:info@nexionscorp.com\"><strong>info@nexionscorp.com<\/strong><\/a><\/p>\n<\/td>\n<\/tr>\n<\/tbody>\n<\/table>\n<\/div>\n<\/div><\/div><\/div><\/div><\/div>","protected":false},"excerpt":{"rendered":"<p>&nbsp;Servi\u00e7osAl\u00eam de oferecer uma variedade de produtos, a Nexions tamb\u00eam oferece servi\u00e7os para nossos clientes.&nbsp; Assessoramos os nossos clientes nas complexidades da legisla\u00e7\u00e3o que regula importa\u00e7\u00e3o e exporta\u00e7\u00e3o que poderia afetar a suas transa\u00e7\u00f5es.&nbsp; Adicionalmente temos um alto n\u00edvel de &hellip; <a href=\"https:\/\/nexionscorp.com\/?page_id=349\">Continued<\/a><\/p>\n","protected":false},"author":1,"featured_media":0,"parent":0,"menu_order":0,"comment_status":"closed","ping_status":"closed","template":"page-portfolio.php","meta":{"footnotes":""},"class_list":["post-349","page","type-page","status-publish","hentry"],"_links":{"self":[{"href":"https:\/\/nexionscorp.com\/index.php?rest_route=\/wp\/v2\/pages\/349","targetHints":{"allow":["GET"]}}],"collection":[{"href":"https:\/\/nexionscorp.com\/index.php?rest_route=\/wp\/v2\/pages"}],"about":[{"href":"https:\/\/nexionscorp.com\/index.php?rest_route=\/wp\/v2\/types\/page"}],"author":[{"embeddable":true,"href":"https:\/\/nexionscorp.com\/index.php?rest_route=\/wp\/v2\/users\/1"}],"replies":[{"embeddable":true,"href":"https:\/\/nexionscorp.com\/index.php?rest_route=%2Fwp%2Fv2%2Fcomments&post=349"}],"version-history":[{"count":1,"href":"https:\/\/nexionscorp.com\/index.php?rest_route=\/wp\/v2\/pages\/349\/revisions"}],"predecessor-version":[{"id":350,"href":"https:\/\/nexionscorp.com\/index.php?rest_route=\/wp\/v2\/pages\/349\/revisions\/350"}],"wp:attachment":[{"href":"https:\/\/nexionscorp.com\/index.php?rest_route=%2Fwp%2Fv2%2Fmedia&parent=349"}],"curies":[{"name":"wp","href":"https:\/\/api.w.org\/{rel}","templated":true}]}}